{"id":6511,"date":"2019-06-12T11:59:52","date_gmt":"2019-06-12T11:59:52","guid":{"rendered":"https:\/\/calgabriel.es\/condiciones\/"},"modified":"2022-11-13T21:41:25","modified_gmt":"2022-11-13T21:41:25","slug":"condiciones","status":"publish","type":"page","link":"https:\/\/calgabriel.es\/es\/condiciones\/","title":{"rendered":"Condiciones de contrataci\u00f3n"},"content":{"rendered":"\n<h2 class=\"wp-block-heading\">Condiciones generales<\/h2>\n\n<p>Estas condiciones afectan a las reservas realizadas de manera directa, tanto a trav\u00e9s del portal de reservas situado en <a href=\"http:\/\/www.calgabriel.es\" title=\"www.calgabriel.es\">calgabriel.es<\/a> (y p\u00e1ginas propiedad de Cal Gabriel ) o por venta telef\u00f3nica.<\/p>\n\n<p>Para reservas realizadas a trav\u00e9s de intermediarios, contactar con ellos para conocer la pol\u00edtica de cancelaci\u00f3n y las condiciones de reserva. Al no ser una contrataci\u00f3n directa, desde Cal Gabriel no podemos hacer gestiones al respecto.<\/p>\n\n<h2 class=\"wp-block-heading\">Pol\u00edticas de cancelaci\u00f3n<\/h2>\n\n<p>En Cal Gabriel nos esforzamos cada d\u00eda por hacer de tu estancia un momento inolvidable, pero sabemos que a veces los planes pueden cambiar a \u00faltima hora, por lo que queremos explicarte cu\u00e1les son nuestras pol\u00edticas generales de contrataci\u00f3n y de cancelaci\u00f3n.<\/p>\n\n<p>A continuaci\u00f3n detallas las pol\u00edticas de cancelaci\u00f3n propias de cada producto y tarifa:<\/p>\n\n<div class=\"wp-block-getwid-accordion has-icon-left\" data-active-element=\"false\">\n<div class=\"wp-block-getwid-accordion__header-wrapper\"><h3 class=\"wp-block-getwid-accordion__header\"><a href=\"#\"><span class=\"wp-block-getwid-accordion__header-title\">Tarifa amb cancel\u00b7laci\u00f3<\/span><span class=\"wp-block-getwid-accordion__icon is-active\"><i class=\"fas fa-plus\"><\/i><\/span><span class=\"wp-block-getwid-accordion__icon is-passive\"><i class=\"fas fa-minus\"><\/i><\/span><\/a><\/h3><\/div><div class=\"wp-block-getwid-accordion__content-wrapper\"><div class=\"wp-block-getwid-accordion__content\">\n<p>1. Para confirmar una reserva, solicitamos un ingreso en cuenta con el importe del dep\u00f3sito de garant\u00eda, o bien una tarjeta bancaria donde realizar el cargo o preautorizaci\u00f3n de la misma. U otro medio, como puede ser un pago mediante la plataforma de pagos seguros Bizum.<br\/><br\/>2. Con el ingreso de dinero, Cal Gabriel garantiza la reserva y disponibilidad de la habitaci\u00f3n, en los t\u00e9rminos descritos en el correo electr\u00f3nico de prereserva enviado previamente con los datos bancarios y las indicaciones de confirmaci\u00f3n.<br\/><br\/>3. En caso de cancelaciones con m\u00e1s de siete (7) d\u00edas de antelaci\u00f3n, Cal Gabriel se compromete a la devoluci\u00f3n del dep\u00f3sito, as\u00ed como al retroceso del cargo si se realiz\u00f3 mediante tarjeta bancaria. Tambi\u00e9n es posible el cambio de fechas sin penalizaci\u00f3n.<br\/><br\/>4. Para cancelaciones, o modificaciones, inferiores a los siete (7) d\u00edas, Cal Gabriel no devolver\u00e1 ni guardar\u00e1 el dep\u00f3sito de reserva, quedando sin efecto futuro. En caso de reducci\u00f3n en el n\u00famero de noches o hu\u00e9spedes, el importe a facturar al final de la estancia ser\u00e1 la totalidad marcada en la reserva, sin derecho a reducci\u00f3n de ning\u00fan importe ni compensaci\u00f3n futura.<br\/><br\/>5. En caso de no presentaci\u00f3n el d\u00eda de entrada, sin comunicaci\u00f3n previa por parte de cliente, se da por cancelada la reserva, no generando derecho a devoluci\u00f3n del importe abonado en concepto de reserva, y poniendo de nuevo la habitaci\u00f3n a la venta.<\/p>\n<\/div><\/div>\n\n\n\n<div class=\"wp-block-getwid-accordion__header-wrapper\"><h3 class=\"wp-block-getwid-accordion__header\"><a href=\"#\"><span class=\"wp-block-getwid-accordion__header-title\">Tarifa no retornable<\/span><span class=\"wp-block-getwid-accordion__icon is-active\"><i class=\"fas fa-plus\"><\/i><\/span><span class=\"wp-block-getwid-accordion__icon is-passive\"><i class=\"fas fa-minus\"><\/i><\/span><\/a><\/h3><\/div><div class=\"wp-block-getwid-accordion__content-wrapper\"><div class=\"wp-block-getwid-accordion__content\">\n<p>1. Esta tarifa especial, especificada en las condiciones de contrataci\u00f3n, incluye un descuento sobre la tarifa est\u00e1ndar, condicionado a una estancia m\u00ednima y al pago total de la estancia en el momento de la contrataci\u00f3n.<br\/><br\/>2. El abono del importe se realizar\u00e1 mediante transferencia bancaria, cargo en tarjeta de cr\u00e9dito o Bizum, siendo el importe total de la reserva, salvo la tasa tur\u00edstica, que deber\u00e1 ser abonada a la salida de la estancia.<br\/><br\/>3. Una vez abonado el importe total de la estancia, se entiende como reserva confirmada en firme, y aceptadas las condiciones de &#8220;no cancelaci\u00f3n&#8221; de la misma. La reducci\u00f3n en el n\u00famero de noches o hu\u00e9spedes no da derecho a devoluci\u00f3n ni compensaci\u00f3n futura.<br\/><br\/>4. No es posible ni la cancelaci\u00f3n ni la modificaci\u00f3n de fechas. En caso de que hubiera una modificaci\u00f3n por parte de cliente, el cr\u00e9dito se pierde y deben abonar la nueva tarifa.<br\/><br\/>5. Las reservas se guardan hasta las 23:59 horas del d\u00eda de entrada. Superado este horario, si no hay comunicaci\u00f3n previa por parte de cliente, sin que se haya presentado en el establecimiento, la reserva se considera &#8220;no presentado&#8221;, siendo autom\u00e1ticamente cancelada y puesta a la venta de nuevo la unidad o unidades reservadas por el cliente.<\/p>\n<\/div><\/div>\n\n\n\n<div class=\"wp-block-getwid-accordion__header-wrapper\"><h3 class=\"wp-block-getwid-accordion__header\"><a href=\"#\"><span class=\"wp-block-getwid-accordion__header-title\">Targeta regal<\/span><span class=\"wp-block-getwid-accordion__icon is-active\"><i class=\"fas fa-plus\"><\/i><\/span><span class=\"wp-block-getwid-accordion__icon is-passive\"><i class=\"fas fa-minus\"><\/i><\/span><\/a><\/h3><\/div><div class=\"wp-block-getwid-accordion__content-wrapper\"><div class=\"wp-block-getwid-accordion__content\">\n<p>1. Consiste en la adquisici\u00f3n de un servicio de alojamiento (con o sin pensi\u00f3n) para disfrutarlo a futuro, por la persona que lo adquiere o para regalar. El importe incluye todos los impuestos.<br\/><br\/>2. Antes de la emisi\u00f3n del cheque regalo, se requiere el pago por adelantado. Una vez recibido el pago, Cal Gabriel emitir\u00e1 un documento (cheque regalo) personalizado a la persona que lo recibir\u00e1, con un c\u00f3digo de reserva que se utilizar\u00e1 para identificar el cheque.<br\/><br\/>3. Todos los cheques regalo disponen de una fecha de caducidad, que marca el \u00faltimo d\u00eda (incluido) para poder alojarse en Cal Gabriel . Pasada esa fecha, el cheque queda sin validez. No es posible solicitar la devoluci\u00f3n del importe.<br\/><br\/>4. Para disfrutar del cheque es necesario realizar la reserva previamente contactando de forma directa con Cal Gabriel (por cualquiera de las v\u00edas de contacto posibles). El uso est\u00e1 condicionado a disponibilidad. En fechas concretas es posible que se apliquen estancias m\u00ednimas (agosto, puentes, ferias de la zona, Semana Santa y Navidad).<br\/><br\/>5. Es posible ampliar el n\u00famero de noches reservadas, realizando el pago \u00fanicamente de las noches no incluidas en el regalo.<br\/><br\/>6. Una vez confirmada la fecha de entrada de la reserva, se aplicar\u00e1n las mismas condiciones de cancelaci\u00f3n que en el supuesto de &#8220;tarifa con pol\u00edtica de cancelaci\u00f3n&#8221;, siendo posible la modificaci\u00f3n de fechas con m\u00e1s de siete (7) d\u00edas de antelaci\u00f3n respecto al d\u00eda de entrada. Si la modificaci\u00f3n se produce con menos de siete (7) d\u00edas, el cheque se entender\u00e1 disfrutado.<br\/><br\/>7. En ning\u00fan caso se aceptar\u00e1 el uso de cheque regalo cuando la reserva haya sido efectuada a trav\u00e9s de una agencia o tercero.<\/p>\n<\/div><\/div>\n<\/div>\n\n<h2 class=\"wp-block-heading\">Pol\u00edtica de privacidad de los datos<\/h2>\n\n<p>El prestamista, responsable del sitio web, pone a disposici\u00f3n de los usuarios el presente documento con el que pretende dar cumplimiento a las obligaciones dispuestas en la Ley 34\/2002, de Servicios de la Sociedad de la Informaci\u00f3n y de Comercio Electr\u00f3nico (LSSI-CE) , as\u00ed como informar a todos los usuarios del sitio web respecto a cu\u00e1les son las condiciones de uso del sitio web.<\/p>\n\n<p>Cumpliendo con nuestra pol\u00edtica de privacidad y de velar por la seguridad de nuestros clientes, te informamos que en ning\u00fan caso utilizamos tus datos para vender a terceros. S\u00f3lo las almacenamos para cumplir con la finalidad para las que fueron solicitadas:<\/p>\n\n<ul class=\"wp-block-list\">\n<li>Responder a peticiones de informaci\u00f3n.<\/li>\n\n\n\n<li>Formalizar una reserva.<\/li>\n\n\n\n<li>Env\u00edo para los cuerpos de seguridad (es <a href=\"https:\/\/registreviatgers.mossos.gencat.cat\/mossos_hotels\/AppJava\/info.do?set-locale=es_ES&amp;reqCode=listDocuments&amp;docIdPare=1#reqCode=listDocuments&amp;docIdPare=1&amp;\" target=\"_blank\" rel=\"noreferrer noopener\">obligatorio identificar<\/a> a todos los hu\u00e9spedes que pasan noche en Cal Gabriel).<\/li>\n\n\n\n<li>Generar facturas.<\/li>\n<\/ul>\n\n<p>En todo momento los datos son tratados s\u00f3lo por el personal autorizado, y forman parte de un fichero propiedad de Mario Mata Madrid, como titular del negocio Cal Gabriel , protegido por contrase\u00f1as y medidas t\u00e9cnicas de encriptaci\u00f3n y seguridad.<\/p>\n\n<p>En ning\u00fan caso se realiza una recopilaci\u00f3n de datos personales sensibles. <\/p>\n\n<p>Para acceder a los datos, solicitar su modificaci\u00f3n o cancelaci\u00f3n, basta con que nos env\u00ede un correo electr\u00f3nico a info@calgabriel.es ya la mayor brevedad posible haremos la modificaci\u00f3n que nos indiques.<\/p>\n\n<h2 class=\"wp-block-heading\">Ley aplicable y jurisdicci\u00f3n<\/h2>\n\n<p>Para la resoluci\u00f3n de todas las controversias o cuestiones relacionadas con el presente sitio web o de las actividades en \u00e9l desarrolladas, ser\u00e1 de aplicaci\u00f3n la legislaci\u00f3n espa\u00f1ola, a la que se someten expresamente las partes, siendo competentes para la resoluci\u00f3n de todos los conflictos derivados o relacionados con su uso los Juzgados y Tribunales de Lleida.<\/p>\n\n<p>Mediaci\u00f3n: estamos inscritos en la <a href=\"http:\/\/consum.gencat.cat\/ca\/lagencia\/organismes-de-consum\/juntes-arbitrals-de-consum\/index.html\" target=\"_blank\" rel=\"noreferrer noopener\">Junta arbitral de consumo de Catalu\u00f1a<\/a> .<\/p>\n","protected":false},"excerpt":{"rendered":"Condiciones generales de contrataci\u00f3n de alojamiento en Cal Gabriel . ","protected":false},"author":1,"featured_media":0,"parent":0,"menu_order":0,"comment_status":"closed","ping_status":"closed","template":"","meta":{"inline_featured_image":false,"_joinchat":[],"footnotes":""},"class_list":["post-6511","page","type-page","status-publish","hentry"],"aioseo_notices":[],"_links":{"self":[{"href":"https:\/\/calgabriel.es\/es\/wp-json\/wp\/v2\/pages\/6511","targetHints":{"allow":["GET"]}}],"collection":[{"href":"https:\/\/calgabriel.es\/es\/wp-json\/wp\/v2\/pages"}],"about":[{"href":"https:\/\/calgabriel.es\/es\/wp-json\/wp\/v2\/types\/page"}],"author":[{"embeddable":true,"href":"https:\/\/calgabriel.es\/es\/wp-json\/wp\/v2\/users\/1"}],"replies":[{"embeddable":true,"href":"https:\/\/calgabriel.es\/es\/wp-json\/wp\/v2\/comments?post=6511"}],"version-history":[{"count":8,"href":"https:\/\/calgabriel.es\/es\/wp-json\/wp\/v2\/pages\/6511\/revisions"}],"predecessor-version":[{"id":6687,"href":"https:\/\/calgabriel.es\/es\/wp-json\/wp\/v2\/pages\/6511\/revisions\/6687"}],"wp:attachment":[{"href":"https:\/\/calgabriel.es\/es\/wp-json\/wp\/v2\/media?parent=6511"}],"curies":[{"name":"wp","href":"https:\/\/api.w.org\/{rel}","templated":true}]}}

Condiciones de contratación

<h2 class="wp-block-heading">Condiciones generales</h2>

<p>Estas condiciones afectan a las reservas realizadas de manera directa, tanto a través del portal de reservas situado en <a href="http://www.calgabriel.es" title="www.calgabriel.es">calgabriel.es</a> (y páginas propiedad de Cal Gabriel ) o por venta telefónica.</p>

<p>Para reservas realizadas a través de intermediarios, contactar con ellos para conocer la política de cancelación y las condiciones de reserva. Al no ser una contratación directa, desde Cal Gabriel no podemos hacer gestiones al respecto.</p>

<h2 class="wp-block-heading">Políticas de cancelación</h2>

<p>En Cal Gabriel nos esforzamos cada día por hacer de tu estancia un momento inolvidable, pero sabemos que a veces los planes pueden cambiar a última hora, por lo que queremos explicarte cuáles son nuestras políticas generales de contratación y de cancelación.</p>

<p>A continuación detallas las políticas de cancelación propias de cada producto y tarifa:</p>

<div class="wp-block-getwid-accordion has-icon-left" data-active-element="false">
<div class="wp-block-getwid-accordion__header-wrapper"><h3 class="wp-block-getwid-accordion__header"><a href="#"><span class="wp-block-getwid-accordion__header-title">Tarifa amb cancel·lació</span><span class="wp-block-getwid-accordion__icon is-active"><i class="fas fa-plus"></i></span><span class="wp-block-getwid-accordion__icon is-passive"><i class="fas fa-minus"></i></span></a></h3></div><div class="wp-block-getwid-accordion__content-wrapper"><div class="wp-block-getwid-accordion__content">
<p>1. Para confirmar una reserva, solicitamos un ingreso en cuenta con el importe del depósito de garantía, o bien una tarjeta bancaria donde realizar el cargo o preautorización de la misma. U otro medio, como puede ser un pago mediante la plataforma de pagos seguros Bizum.<br/><br/>2. Con el ingreso de dinero, Cal Gabriel garantiza la reserva y disponibilidad de la habitación, en los términos descritos en el correo electrónico de prereserva enviado previamente con los datos bancarios y las indicaciones de confirmación.<br/><br/>3. En caso de cancelaciones con más de siete (7) días de antelación, Cal Gabriel se compromete a la devolución del depósito, así como al retroceso del cargo si se realizó mediante tarjeta bancaria. También es posible el cambio de fechas sin penalización.<br/><br/>4. Para cancelaciones, o modificaciones, inferiores a los siete (7) días, Cal Gabriel no devolverá ni guardará el depósito de reserva, quedando sin efecto futuro. En caso de reducción en el número de noches o huéspedes, el importe a facturar al final de la estancia será la totalidad marcada en la reserva, sin derecho a reducción de ningún importe ni compensación futura.<br/><br/>5. En caso de no presentación el día de entrada, sin comunicación previa por parte de cliente, se da por cancelada la reserva, no generando derecho a devolución del importe abonado en concepto de reserva, y poniendo de nuevo la habitación a la venta.</p>
</div></div>



<div class="wp-block-getwid-accordion__header-wrapper"><h3 class="wp-block-getwid-accordion__header"><a href="#"><span class="wp-block-getwid-accordion__header-title">Tarifa no retornable</span><span class="wp-block-getwid-accordion__icon is-active"><i class="fas fa-plus"></i></span><span class="wp-block-getwid-accordion__icon is-passive"><i class="fas fa-minus"></i></span></a></h3></div><div class="wp-block-getwid-accordion__content-wrapper"><div class="wp-block-getwid-accordion__content">
<p>1. Esta tarifa especial, especificada en las condiciones de contratación, incluye un descuento sobre la tarifa estándar, condicionado a una estancia mínima y al pago total de la estancia en el momento de la contratación.<br/><br/>2. El abono del importe se realizará mediante transferencia bancaria, cargo en tarjeta de crédito o Bizum, siendo el importe total de la reserva, salvo la tasa turística, que deberá ser abonada a la salida de la estancia.<br/><br/>3. Una vez abonado el importe total de la estancia, se entiende como reserva confirmada en firme, y aceptadas las condiciones de &#8220;no cancelación&#8221; de la misma. La reducción en el número de noches o huéspedes no da derecho a devolución ni compensación futura.<br/><br/>4. No es posible ni la cancelación ni la modificación de fechas. En caso de que hubiera una modificación por parte de cliente, el crédito se pierde y deben abonar la nueva tarifa.<br/><br/>5. Las reservas se guardan hasta las 23:59 horas del día de entrada. Superado este horario, si no hay comunicación previa por parte de cliente, sin que se haya presentado en el establecimiento, la reserva se considera &#8220;no presentado&#8221;, siendo automáticamente cancelada y puesta a la venta de nuevo la unidad o unidades reservadas por el cliente.</p>
</div></div>



<div class="wp-block-getwid-accordion__header-wrapper"><h3 class="wp-block-getwid-accordion__header"><a href="#"><span class="wp-block-getwid-accordion__header-title">Targeta regal</span><span class="wp-block-getwid-accordion__icon is-active"><i class="fas fa-plus"></i></span><span class="wp-block-getwid-accordion__icon is-passive"><i class="fas fa-minus"></i></span></a></h3></div><div class="wp-block-getwid-accordion__content-wrapper"><div class="wp-block-getwid-accordion__content">
<p>1. Consiste en la adquisición de un servicio de alojamiento (con o sin pensión) para disfrutarlo a futuro, por la persona que lo adquiere o para regalar. El importe incluye todos los impuestos.<br/><br/>2. Antes de la emisión del cheque regalo, se requiere el pago por adelantado. Una vez recibido el pago, Cal Gabriel emitirá un documento (cheque regalo) personalizado a la persona que lo recibirá, con un código de reserva que se utilizará para identificar el cheque.<br/><br/>3. Todos los cheques regalo disponen de una fecha de caducidad, que marca el último día (incluido) para poder alojarse en Cal Gabriel . Pasada esa fecha, el cheque queda sin validez. No es posible solicitar la devolución del importe.<br/><br/>4. Para disfrutar del cheque es necesario realizar la reserva previamente contactando de forma directa con Cal Gabriel (por cualquiera de las vías de contacto posibles). El uso está condicionado a disponibilidad. En fechas concretas es posible que se apliquen estancias mínimas (agosto, puentes, ferias de la zona, Semana Santa y Navidad).<br/><br/>5. Es posible ampliar el número de noches reservadas, realizando el pago únicamente de las noches no incluidas en el regalo.<br/><br/>6. Una vez confirmada la fecha de entrada de la reserva, se aplicarán las mismas condiciones de cancelación que en el supuesto de &#8220;tarifa con política de cancelación&#8221;, siendo posible la modificación de fechas con más de siete (7) días de antelación respecto al día de entrada. Si la modificación se produce con menos de siete (7) días, el cheque se entenderá disfrutado.<br/><br/>7. En ningún caso se aceptará el uso de cheque regalo cuando la reserva haya sido efectuada a través de una agencia o tercero.</p>
</div></div>
</div>

<h2 class="wp-block-heading">Política de privacidad de los datos</h2>

<p>El prestamista, responsable del sitio web, pone a disposición de los usuarios el presente documento con el que pretende dar cumplimiento a las obligaciones dispuestas en la Ley 34/2002, de Servicios de la Sociedad de la Información y de Comercio Electrónico (LSSI-CE) , así como informar a todos los usuarios del sitio web respecto a cuáles son las condiciones de uso del sitio web.</p>

<p>Cumpliendo con nuestra política de privacidad y de velar por la seguridad de nuestros clientes, te informamos que en ningún caso utilizamos tus datos para vender a terceros. Sólo las almacenamos para cumplir con la finalidad para las que fueron solicitadas:</p>

<ul class="wp-block-list">
<li>Responder a peticiones de información.</li>



<li>Formalizar una reserva.</li>



<li>Envío para los cuerpos de seguridad (es <a href="https://registreviatgers.mossos.gencat.cat/mossos_hotels/AppJava/info.do?set-locale=es_ES&amp;reqCode=listDocuments&amp;docIdPare=1#reqCode=listDocuments&amp;docIdPare=1&amp;" target="_blank" rel="noreferrer noopener">obligatorio identificar</a> a todos los huéspedes que pasan noche en Cal Gabriel).</li>



<li>Generar facturas.</li>
</ul>

<p>En todo momento los datos son tratados sólo por el personal autorizado, y forman parte de un fichero propiedad de Mario Mata Madrid, como titular del negocio Cal Gabriel , protegido por contraseñas y medidas técnicas de encriptación y seguridad.</p>

<p>En ningún caso se realiza una recopilación de datos personales sensibles. </p>

<p>Para acceder a los datos, solicitar su modificación o cancelación, basta con que nos envíe un correo electrónico a info@calgabriel.es ya la mayor brevedad posible haremos la modificación que nos indiques.</p>

<h2 class="wp-block-heading">Ley aplicable y jurisdicción</h2>

<p>Para la resolución de todas las controversias o cuestiones relacionadas con el presente sitio web o de las actividades en él desarrolladas, será de aplicación la legislación española, a la que se someten expresamente las partes, siendo competentes para la resolución de todos los conflictos derivados o relacionados con su uso los Juzgados y Tribunales de Lleida.</p>

<p>Mediación: estamos inscritos en la <a href="http://consum.gencat.cat/ca/lagencia/organismes-de-consum/juntes-arbitrals-de-consum/index.html" target="_blank" rel="noreferrer noopener">Junta arbitral de consumo de Cataluña</a> .</p>

Condiciones generales de contratación de alojamiento en Cal Gabriel .
